358014677 prime?
False
Is 1314629581 composite?
False
Is 1704782617 a prime number?
True
Is 458619704417 prime?
False
Is 196682491 a prime number?
False
Is 1083670883 prime?
True
Is 91771607911 a composite number?
False
Is 103581094049 prime?
False
Is 22113814837 a composite number?
False
Is 29316165997 composite?
True
Is 74647753 a composite number?
False
Is 183808787 prime?
True
Is 12629082989 a prime number?
False
Is 85550466611 a prime number?
False
Is 71877359 a composite number?
True
Is 70328315843 a composite number?
True
Is 3874059715 composite?
True
Is 35045001931 prime?
False
Is 886251061 prime?
True
Is 925914629 a prime number?
False
Is 4914776333 prime?
False
Is 44123628587 a composite number?
True
Is 972136151 composite?
True
Is 49346670917 prime?
False
Is 11789196395 a composite number?
True
Is 1193333287 composite?
True
Is 50475824291 composite?
False
Is 26720023261 a prime number?
True
Is 1344171667 a prime number?
True
Is 270940091 composite?
True
Is 10289347897 a prime number?
True
Is 13811976979 a prime number?
False
Is 656382497 a composite number?
False
Is 7812461791 composite?
False
Is 6181531861 composite?
False
Is 6869950229 a composite number?
False
Is 16045512551 composite?
False
Is 66797953 a prime number?
True
Is 851051441 a composite number?
False
Is 293655207 composite?
True
Is 3016891537 prime?
False
Is 122107096829 a composite number?
False
Is 173437633 a prime number?
True
Is 3073508963 composite?
True
Is 3360528053 a prime number?
True
Is 1331169059 composite?
True
Is 1961523847 composite?
False
Is 9815530019 a prime number?
True
Is 3314048597 a composite number?
True
Is 73901774521 a composite number?
False
Is 369980310133 prime?
False
Is 2120327383 a composite number?
False
Is 20423603 a prime number?
False
Is 39159737119 a prime number?
True
Is 66603851 composite?
True
Is 7922489 prime?
False
Is 2507944651 a prime number?
True
Is 100206851 composite?
False
Is 30267918089 a prime number?
True
Is 14333615809 a prime number?
False
Is 20840191546 a prime number?
False
Is 561530821 a composite number?
False
Is 3064507519 prime?
False
Is 64424616523 composite?
False
Is 283191 a prime number?
False
Is 3752990273 composite?
False
Is 5083562681 composite?
True
Is 7196651279 a composite number?
False
Is 5744579143 a prime number?
True
Is 5208055421 a composite number?
True
Is 6981079759 composite?
False
Is 26573684497 a composite number?
True
Is 3594609757 a prime number?
False
Is 4693126393 a prime number?
True
Is 98623549 a prime number?
True
Is 82023199 a prime number?
False
Is 70008276367 prime?
False
Is 1161220201 prime?
True
Is 1027913321 a prime number?
True
Is 11273154377 prime?
True
Is 1453642147 prime?
False
Is 80304619 composite?
False
Is 968815817 a composite number?
True
Is 38072830111 prime?
True
Is 93644488889 composite?
True
Is 6876136229 prime?
True
Is 2121844819 prime?
False
Is 47648197783 a prime number?
False
Is 461699269 a composite number?
False
Is 131361384931 a composite number?
True
Is 25639137049 composite?
False
Is 1620588469 a prime number?
False
Is 2267722183 composite?
True
Is 3994217301 a prime number?
False
Is 1023492397 a composite number?
False
Is 553545017 a prime number?
True
Is 145820177 a composite number?
False
Is 16587569951 a composite number?
True
Is 17990980727 a composite number?
True
Is 128709509 prime?
True
Is 398343857 a prime number?
False
Is 2985340271 a composite number?
False
Is 17820397691 a prime number?
False
Is 10230959 a prime number?
True
Is 65872574429 a prime number?
True
Is 9813218563 prime?
False
Is 9241934701 a prime number?
True
Is 1071723761 composite?
True
Is 129198117661 prime?
True
Is 1128054649 a composite number?
False
Is 426136847 a composite number?
True
Is 90845759233 a prime number?
True
Is 49972736719 composite?
False
Is 2236320271 prime?
True
Is 1148919209 composite?
True
Is 107471533 a composite number?
True
Is 2848014509 a prime number?
True
Is 12821113 prime?
False
Is 673109399 a composite number?
False
Is 14496308441 prime?
True
Is 47307961693 a composite number?
True
Is 1246860535 prime?
False
Is 2640540397 composite?
True
Is 5138482897 composite?
True
Is 217814197 composite?
True
Is 6330088213 a composite number?
False
Is 3661014507 a prime number?
False
Is 1429290619 prime?
False
Is 7399769309 composite?
True
Is 32423027149 prime?
False
Is 975731037 prime?
False
Is 8354430533 a composite number?
False
Is 7891232267 a prime number?
True
Is 619340339 prime?
False
Is 4159259693 prime?
False
Is 947843161 a composite number?
False
Is 170372591 a prime number?
True
Is 1161617993 a composite number?
False
Is 47689464817 a composite number?
False
Is 40499020687 a composite number?
False
Is 16120533347 a composite number?
True
Is 2646807341 composite?
False
Is 2221712279 prime?
False
Is 2619795533 a prime number?
False
Is 425997007 prime?
False
Is 13515032903 composite?
True
Is 16340808761 a prime number?
False
Is 7258895347 prime?
False
Is 1768393789 composite?
False
Is 31710577 a composite number?
False
Is 1027449389 composite?
False
Is 375778199 a composite number?
False
Is 4806978439 a prime number?
False
Is 34001280329 prime?
False
Is 147183277009 composite?
False
Is 68541937 composite?
True
Is 2384492711 a prime number?
True
Is 83095211 a composite number?
True
Is 1405022326 composite?
True
Is 1013283413 composite?
True
Is 950270411 prime?
True
Is 20135623 a composite number?
False
Is 1638396571 a composite number?
True
Is 1270378841 composite?
True
Is 617127463 a prime number?
True
Is 1738361249 a composite number?
False
Is 8937396355 composite?
True
Is 76207091179 composite?
False
Is 2458413543 prime?
False
Is 1038963857 a composite number?
True
Is 302846647 a composite number?
True
Is 3976128971 composite?
True
Is 3542225957 prime?
True
Is 536451407 a prime number?
False
Is 4767478211 composite?
False
Is 1113421 composite?
False
Is 105325995349 composite?
False
Is 9503189629 a composite number?
False
Is 1715391739 composite?
False
Is 991410353 a composite number?
False
Is 1548012101 prime?
True
Is 649946417 composite?
False
Is 190599403 composite?
True
Is 23782981 prime?
True
Is 137221109 a prime number?
True
Is 4082416979 a composite number?
True
Is 646692667 prime?
False
Is 32877909191 a prime number?
True
Is 256672417 a composite number?
True
Is 29845134607 a prime number?
True
Is 49980077683 prime?
False
Is 61937176979 composite?
False
Is 4034961055 composite?
True
Is 34874946893 a prime number?
False
Is 9324550315 composite?
True
Is 315758879 a prime number?
True
Is 1533370327 composite?
True
Is 7514889097 prime?
True
Is 16460661013 prime?
False
Is 140056229 composite?
True
Is 677702503 a prime number?
True
Is 1272162061 a prime number?
True
Is 936389183 a composite number?
False
Is 15430105649 composite?
True
Is 16727445419 a composite number?
False
Is 19505397211 a composite number?
False
Is 2585551619 composite?
True
Is 96484780351 a prime number?
True
Is 826957591 a prime number?
False
Is 8937608921 a prime number?
False
Is 31224151907 a prime number?
False
Is 2911073441 composite?
False
Is 2823625901 prime?
False
Is 94499036657 composite?
False
Is 751241347 a prime number?
False
Is 11297471239 a prime number?
False
Is 856555039 prime?
False
Is 717731863 a prime number?
True
Is 66864463219 composite?
True
Is 437843957 prime?
True
Is 6024826909 a prime number?
True
Is 62055956257 a prime number?
True
Is 10974866453 composite?
False
Is 5295652253 composite?
False
Is 142278165751 prime?
False
Is 700021977 composite?
True
Is 138663667 prime?
True
Is 30217354933 a composite number?
True
Is 292312441 a prime number?
True
Is 377717893229 a prime number?
False
Is 10286623751 prime?
True
Is 566230241 a prime number?
False
Is 45323341643 prime?
False
Is 1356396989 a prime number?
False
Is 1008917473 a composite number?
True
Is 2166273457 composite?
True
Is 4485753449 prime?
True
Is 1535189491 composite?
True
Is 68433289409 prime?
True
Is 13695921097 a composite number?
False
Is 835841333 a prime number?
False
Is 540307967 prime?
False
Is 2965064581 a composite number?
False
Is 24569708333 composite?
False
Is 15238616143 prime?
False
Is 211062727 a prime number?
False
Is 1803741239 composite?
False
Is 2439500683 prime?
True
Is 738388